69029 - -8?
-69021
In base 8, what is 1133265 + 17?
1133304
In base 9, what is -247223 + -11?
-247234
In base 3, what is 2 - 10122011220?
-10122011211
In base 6, what is -4 - 115100?
-115104
In base 7, what is -12 - -3555356?
3555344
In base 11, what is -339053 + -5?
-339058
In base 13, what is -215 + -b8?
-300
In base 12, what is 64ab + -5?
64a6
In base 11, what is 289610 + 3?
289613
In base 9, what is 213866 + 4?
213871
In base 4, what is -122203 + 21131?
-101012
In base 4, what is 1 - -20000131210?
20000131211
In base 9, what is 27 - 34633?
-34605
In base 2, what is 1100100011110 + 10011100?
1100110111010
In base 16, what is -3e + 9d?
5f
In base 11, what is 589 - 235?
354
In base 4, what is -13 - -101210?
101131
In base 10, what is -2405 - 1618?
-4023
In base 10, what is -3 + -755448?
-755451
In base 6, what is -132504 + 434?
-132030
In base 6, what is -21 - 3204324?
-3204345
In base 2, what is -10110010010 - 1101011101?
-100011101111
In base 8, what is -3 + -436212?
-436215
In base 13, what is 4ca83 - -3?
4ca86
In base 2, what is -10 + 10101001000000010100?
10101001000000010010
In base 15, what is -db5a + 1?
-db59
In base 6, what is -23 + 3410002?
3405535
In base 3, what is -122 - 200011?
-200210
In base 13, what is -2876b + 3?
-28768
In base 14, what is 59 + -c05?
-b8a
In base 14, what is 8 + -6012?
-6008
In base 7, what is -35 + -10455?
-10523
In base 6, what is -32 - -2214?
2142
In base 4, what is 3303 + -2200?
1103
In base 2, what is 1000011111100111 - -100?
1000011111101011
In base 16, what is -dc5c - -9?
-dc53
In base 8, what is 454377 + -4?
454373
In base 3, what is -21012102101 + 12?
-21012102012
In base 3, what is 200100022 + 2100?
200102122
In base 3, what is 20211121 - 10?
20211111
In base 6, what is -3251153 - -2?
-3251151
In base 14, what is -c7b3b + -2?
-c7b3d
In base 11, what is -55953a + 2?
-559538
In base 11, what is -598 - 272?
-85a
In base 3, what is 1010201 - 1112010?
-101102
In base 5, what is -412023 - -443?
-411030
In base 6, what is 434142 - 2?
434140
In base 7, what is -16 + -23646?
-23665
In base 4, what is -2103 + 203113?
201010
In base 10, what is 1 + 2468?
2469
In base 6, what is 505 - 4514?
-4005
In base 6, what is -2333 - -40212?
33435
In base 10, what is 6 + -213246?
-213240
In base 10, what is -24497 + -11?
-24508
In base 15, what is -245 + 12c?
-118
In base 7, what is 50452 - 36?
50413
In base 10, what is -25 - -691?
666
In base 12, what is 4 - -17409?
17411
In base 4, what is 2 + -322300?
-322232
In base 6, what is 1015 - -234523?
235542
In base 14, what is 17 - -1b362?
1b379
In base 15, what is 38a3 - -1b9?
3a6c
In base 11, what is -5 - 10612?
-10617
In base 16, what is 14 + -d484?
-d470
In base 2, what is -11 + -11010100101101000?
-11010100101101011
In base 4, what is -120103010 + 11?
-120102333
In base 8, what is -57457 - -5?
-57452
In base 3, what is 2211201 - -10112?
2222020
In base 13, what is -117bc - -2b?
-11791
In base 15, what is -75b30 + -4?
-75b34
In base 3, what is 202022000 - -11?
202022011
In base 2, what is -101 + 10110110011111?
10110110011010
In base 13, what is -84a2 + -3?
-84a5
In base 16, what is -19e6 + 18?
-19ce
In base 5, what is -330013 + 20?
-324443
In base 5, what is -1304 - -12?
-1242
In base 5, what is 104012 - -2?
104014
In base 16, what is -370 + 229?
-147
In base 6, what is 142141 - -534?
143115
In base 8, what is 4 - 12532?
-12526
In base 2, what is -10 + 10101010010010?
10101010010000
In base 2, what is -1100010001100110100 - 0?
-1100010001100110100
In base 8, what is 544610 + -31?
544557
In base 8, what is -11 - -40426?
40415
In base 10, what is -10 - 50978?
-50988
In base 7, what is 4430613 - -1?
4430614
In base 14, what is -aa + -24d?
-319
In base 5, what is 1104 - -1421340?
1422444
In base 9, what is -3 - 40010?
-40013
In base 13, what is 7 + -2119b?
-21194
In base 13, what is -69 + -250?
-2b9
In base 11, what is -90 + -4?
-94
In base 15, what is 3 - -d599?
d59c
In base 2, what is 110101100010110010 + 100?
110101100010110110
In base 10, what is 27 - 10116?
-10089
In base 16, what is -e2 + -126?
-208
In base 13, what is c0b + ca?
1008
In base 7, what is 4 - -125115?
125122
In base 10, what is 1 - 24187?
-24186
In base 3, what is 102002 - -110?
102112
In base 16, what is 965 - 57?
90e
In base 11, what is -43589 + -1?
-4358a
In base 3, what is 21221111 - -202112?
22201000
In base 7, what is 3332410 - 0?
3332410
In base 7, what is -560206 - -2?
-560204
In base 2, what is -1001111101 + -1100010?
-1011011111
In base 2, what is 1 - -1100000100110?
1100000100111
In base 10, what is 343 + 344?
687
In base 2, what is 101100111 + 11110?
110000101
In base 10, what is -178 - 3304?
-3482
In base 7, what is -3 + 25446?
25443
In base 13, what is 730b - -4?
7312
In base 5, what is -143411431 + 0?
-143411431
In base 16, what is 5 - -c44?
c49
In base 7, what is -511043 + -2?
-511045
In base 9, what is -77 - -2131?
2043
In base 9, what is 385016 + 5?
385022
In base 5, what is -2420 - -43321?
40401
In base 13, what is -1182 + -100?
-1282
In base 3, what is -20011012 + 101?
-20010211
In base 11, what is 10 - -164420?
164430
In base 15, what is 4 + 134ec?
13501
In base 4, what is -11 + 103010102?
103010031
In base 14, what is -195 - 1b?
-1b2
In base 6, what is 14 + 3522012?
3522030
In base 8, what is 17 + 23062?
23101
In base 2, what is 110001 - 1100100000101101?
-1100011111111100
In base 11, what is 18929 - 101?
18828
In base 4, what is -11 + -3330121322?
-3330121333
In base 7, what is 153 + 1116?
1302
In base 14, what is 50 - -25b?
2ab
In base 14, what is 1a4 + 15b1?
1775
In base 13, what is c - 1c66?
-1c57
In base 3, what is -221120 - 222?
-222112
In base 16, what is -5a0d - e?
-5a1b
In base 9, what is -2015 - 1475?
-3501
In base 2, what is 111010100011 + 100101101?
111111010000
In base 2, what is 1100 + 11001010010000011?
11001010010001111
In base 9, what is -255 + 813?
547
In base 12, what is -b46 - -3?
-b43
In base 9, what is -2 + 357138?
357136
In base 16, what is -1b32 - 11?
-1b43
In base 16, what is 248 - 4?
244
In base 9, what is 63 - 7244?
-7171
In base 3, what is -11 - 21002101?
-21002112
In base 16, what is 194ab + -3?
194a8
In base 4, what is 3122031 + -10?
3122021
In base 9, what is -7613 - 6?
-7620
In base 10, what is 13585 - -6?
13591
In base 11, what is -616 + 1040?
525
In base 16, what is -326bd - 6?
-326c3
In base 5, what is -403022 - -140?
-402332
In base 9, what is 1185 - -101?
1286
In base 11, what is -9874 - 0?
-9874
In base 12, what is 17832 + -10?
17822
In base 12, what is -758 + -21?
-779
In base 10, what is -471161 - 2?
-471163
In base 16, what is -1 + -694c?
-694d
In base 4, what is 2312022001 + 3?
2312022010
In base 5, what is 2 + -102421?
-102414
In base 15, what is 209 + 1b6?
3c0
In base 16, what is fef1 + -4?
feed
In base 4, what is -232211 + -11?
-232222
In base 12, what is -42 + 365?
323
In base 5, what is 201114140 - 4?
201114131
In base 7, what is -34001 - 124?
-34125
In base 13, what is -1390 - -3?
-138a
In base 7, what is 150 - 5?
142
In base 5, what is -4 + 3242441?
3242432
In base 6, what is -1153 + 1051?
-102
In base 7, what is 1030 - 343?
354
In base 2, what is -1000 - 101001001011110?
-101001001100110
In base 15, what is 6a - -97?
112
In base 10, what is 121 - 21?
100
In base 4, what is 2031000 - -213?
2031213
In base 7, what is 1336 + 3401?
5040
In base 3, what is 1220 - 1121111102?
-1121102112
In base 9, what is -1410 + -232?
-1642
In base 3, what is -12222 - -120100011?
120010012
In base 12, what is -38 - -5456?
541a
In base 15, what is -c1 - -1e?
-a2
In base 10, what is -37 - 6231?
-6268
In base 10, what is 4504 + 27?
4531
In base 8, what is -5 + -445440?
-445445
In base 4, what is 2131 - -20321310?
20330101
In base 5, what is 10100 + 11212?
21312
In base 14, what is 935 + -2d7?
63c
In base 2, what is -100111110 + -100001?
-101011111
In base 3, what is 2121 + -111022?
-101201
In base 5, what is 21302 - 2020?
14232
In base 12, what is -a67 + 114?
-953
In base 4, what is 0 - 2333310012?
-2333310012
In base 13, what is -49 + -5235?
-5281
In base 6, what is -144323032 + 5?
-144323023
In base 15, what is -5 + -6c2e?
-6c34
In base 15, what is 2e3b9 - -4?
2e3bd
In base 3, what is 11010 - 102111?
-21101
In base 7, what is -12 - 1446?
-1461
In bas